{"id":6558,"date":"2025-05-30T16:48:04","date_gmt":"2025-05-30T16:48:04","guid":{"rendered":"https:\/\/elalmendroresidencial.com\/?post_type=property&#038;p=6558"},"modified":"2025-05-30T16:48:05","modified_gmt":"2025-05-30T16:48:05","slug":"modelo-amate-1-nivel-el-almendro-residencial","status":"publish","type":"property","link":"https:\/\/elalmendroresidencial.com\/?property=modelo-amate-1-nivel-el-almendro-residencial","title":{"rendered":"Modelo Amate (1 nivel) &#8211; El Almendro Residencial"},"content":{"rendered":"\n<p><strong>\u00c1rea de construcci\u00f3n: \ud83c\udfe1: <\/strong>62.90 m\u00b2<\/p>\n\n\n\n<p>\u25cf1 nivel<\/p>\n\n\n\n<p>\u25cfSala, comedor y cocina en espacios separados<\/p>\n\n\n\n<p>\u25cf2 dormitorios Jr con ba\u00f1o compartido<\/p>\n\n\n\n<p>\u25cfEspacio de tragaluz entre sala y dormitorio No. 1<\/p>\n\n\n\n<p>\u25cf\u00c1rea de limpieza conectada directamente al jard\u00edn posterior<br><\/p>\n","protected":false},"excerpt":{"rendered":"<p>\u00c1rea de construcci\u00f3n: \ud83c\udfe1: 62.90 m\u00b2 \u25cf1 nivel \u25cfSala, comedor y cocina en espacios separados \u25cf2 dormitorios Jr con ba\u00f1o compartido \u25cfEspacio de tragaluz entre sala y dormitorio No. 1 \u25cf\u00c1rea de limpieza conectada directamente al jard\u00edn posterior<\/p>\n","protected":false},"author":1,"featured_media":6170,"parent":0,"menu_order":0,"comment_status":"closed","ping_status":"closed","template":"","caracter\u00edsticas-propiedad":[],"tipos-propiedad":[],"ciudades-propiedad":[],"estatus-propiedad":[],"class_list":["post-6558","property","type-property","status-publish","has-post-thumbnail","hentry"],"property_meta":{"REAL_HOMES_property_price":"1000","REAL_HOMES_property_old_price":"","REAL_HOMES_property_price_prefix":"Reserva con:","REAL_HOMES_property_price_postfix":"USD","REAL_HOMES_property_size":"62.9","REAL_HOMES_property_size_postfix":"m2","REAL_HOMES_property_lot_size":"","REAL_HOMES_property_lot_size_postfix":"","REAL_HOMES_property_bedrooms":"3","REAL_HOMES_property_bathrooms":"2","REAL_HOMES_property_garage":"","REAL_HOMES_property_id":"","REAL_HOMES_property_year_built":"","REAL_HOMES_featured":"0","REAL_HOMES_additional_details_list":[["1 Nivel","Sala, comedor y cocina en espacios separados"],["Tragaluz","Espacio de tragaluz entre sala y dormitorio No. 1"],["\u00c1rea de Limpieza","Conectada directamente al jard\u00edn posterior"],["Piso","Cer\u00e1mica con instalaci\u00f3n de z\u00f3calo"],["Paredes","Acabado texturizado en interior y exterior, completamente pintadas"],["Ba\u00f1o y cocina","Enchapados con azulejo y pantry de melanina con barra desayunadora"],["Puertas","Met\u00e1licas en entrada principal y salida al patio trasero"],["Ventanas","Marco de aluminio tipo francesa"],["Cielo falso","Tabla roca pasteada, lijada y pintada"]],"rvr_booking_widget_display":"hide","rvr_booking_mode":"","rvr_govt_tax":"","rvr_govt_tax_type":"percentage","rvr_govt_tax_calculation":"per_stay","rvr_service_charges":"","rvr_service_charges_type":"percentage","rvr_service_charges_calculation":"per_stay","rvr_guests_capacity":"","rvr_book_child_as":"child","rvr_min_stay":"","rvr_guests_capacity_extend":"","rvr_extra_guest_price":"","rvr_property_owner":"0","rvr_bulk_pricing":[],"rvr_seasonal_pricing":[],"rvr_custom_reserved_dates":[],"rvr_additional_fees":[{"rvr_fee_type":"fixed","rvr_fee_calculation":"per_stay"}],"rvr_additional_amenities":[{"price_calculation":"per_stay"}],"rvr_accommodation":[],"rvr_outdoor_features":[],"rvr_surroundings":[],"rvr_included":[],"rvr_not_included":[],"rvr_policies":[],"REAL_HOMES_property_location":{"latitude":"13.7500637","longitude":"-89.709373","zoom":"17"},"REAL_HOMES_property_address":"Residencial El Almendro, Sonzacate, Sonsonate Centro, Sonsonate, El Salvador","REAL_HOMES_property_map":"0","REAL_HOMES_property_images":[{"width":150,"height":150,"file":"2022\/06\/FINALES_26-Imagen-scaled.jpg","filesize":549629,"sizes":{"medium":{"file":"FINALES_26-Imagen-300x169.jpg","width":300,"height":169,"mime-type":"image\/jpeg","filesize":13018,"url":"https:\/\/elalmendroresidencial.com\/wp-content\/uploads\/2022\/06\/FINALES_26-Imagen-300x169.jpg"},"large":{"file":"FINALES_26-Imagen-1024x576.jpg","width":1024,"height":576,"mime-type":"image\/jpeg","filesize":100578,"url":"https:\/\/elalmendroresidencial.com\/wp-content\/uploads\/2022\/06\/FINALES_26-Imagen-1024x576.jpg"},"thumbnail":{"file":"FINALES_26-Imagen-150x150.jpg","width":150,"height":150,"mime-type":"image\/jpeg","filesize":5830,"url":"https:\/\/elalmendroresidencial.com\/wp-content\/uploads\/2022\/06\/FINALES_26-Imagen-150x150.jpg"},"medium_large":{"file":"FINALES_26-Imagen-768x432.jpg","width":768,"height":432,"mime-type":"image\/jpeg","filesize":60294,"url":"https:\/\/elalmendroresidencial.com\/wp-content\/uploads\/2022\/06\/FINALES_26-Imagen-768x432.jpg"},"1536x1536":{"file":"FINALES_26-Imagen-1536x864.jpg","width":1536,"height":864,"mime-type":"image\/jpeg","filesize":208769,"url":"https:\/\/elalmendroresidencial.com\/wp-content\/uploads\/2022\/06\/FINALES_26-Imagen-1536x864.jpg"},"2048x2048":{"file":"FINALES_26-Imagen-2048x1152.jpg","width":2048,"height":1152,"mime-type":"image\/jpeg","filesize":356320,"url":"https:\/\/elalmendroresidencial.com\/wp-content\/uploads\/2022\/06\/FINALES_26-Imagen-2048x1152.jpg"},"post-thumbnail":{"file":"FINALES_26-Imagen-150x84.jpg","width":150,"height":84,"mime-type":"image\/jpeg","filesize":4517,"url":"https:\/\/elalmendroresidencial.com\/wp-content\/uploads\/2022\/06\/FINALES_26-Imagen-150x84.jpg"},"modern-property-child-slider":{"file":"FINALES_26-Imagen-680x510.jpg","width":680,"height":510,"mime-type":"image\/jpeg","filesize":56926,"url":"https:\/\/elalmendroresidencial.com\/wp-content\/uploads\/2022\/06\/FINALES_26-Imagen-680x510.jpg"},"property-thumb-image":{"file":"FINALES_26-Imagen-488x326.jpg","width":488,"height":326,"mime-type":"image\/jpeg","filesize":30410,"url":"https:\/\/elalmendroresidencial.com\/wp-content\/uploads\/2022\/06\/FINALES_26-Imagen-488x326.jpg"},"property-detail-video-image":{"file":"FINALES_26-Imagen-818x417.jpg","width":818,"height":417,"mime-type":"image\/jpeg","filesize":62656,"url":"https:\/\/elalmendroresidencial.com\/wp-content\/uploads\/2022\/06\/FINALES_26-Imagen-818x417.jpg"},"agent-image":{"file":"FINALES_26-Imagen-210x210.jpg","width":210,"height":210,"mime-type":"image\/jpeg","filesize":10065,"url":"https:\/\/elalmendroresidencial.com\/wp-content\/uploads\/2022\/06\/FINALES_26-Imagen-210x210.jpg"},"partners-logo":{"file":"FINALES_26-Imagen-600x4320.jpg","width":600,"height":4320,"mime-type":"image\/jpeg","filesize":345845,"url":"https:\/\/elalmendroresidencial.com\/wp-content\/uploads\/2022\/06\/FINALES_26-Imagen-600x4320.jpg"},"post-featured-image":{"file":"FINALES_26-Imagen-1240x720.jpg","width":1240,"height":720,"mime-type":"image\/jpeg","filesize":143601,"url":"https:\/\/elalmendroresidencial.com\/wp-content\/uploads\/2022\/06\/FINALES_26-Imagen-1240x720.jpg"}},"image_meta":{"aperture":"0","credit":"","camera":"","caption":"","created_timestamp":"0","copyright":"","focal_length":"0","iso":"0","shutter_speed":"0","title":"","orientation":"0","keywords":[]},"original_image":"FINALES_26-Imagen.jpg","ID":"6176","name":"FINALES_26-Imagen-scaled.jpg","path":"\/dom420123\/wp-content\/uploads\/2022\/06\/FINALES_26-Imagen-scaled.jpg","url":"https:\/\/elalmendroresidencial.com\/wp-content\/uploads\/2022\/06\/FINALES_26-Imagen-150x150.jpg","full_url":"https:\/\/elalmendroresidencial.com\/wp-content\/uploads\/2022\/06\/FINALES_26-Imagen-scaled.jpg","title":"FINALES_26 - Imagen","caption":"","description":"","alt":"","srcset":"https:\/\/elalmendroresidencial.com\/wp-content\/uploads\/2022\/06\/FINALES_26-Imagen-150x150.jpg 150w, https:\/\/elalmendroresidencial.com\/wp-content\/uploads\/2022\/06\/FINALES_26-Imagen-210x210.jpg 210w"}],"REAL_HOMES_change_gallery_slider_type":"0","REAL_HOMES_gallery_slider_type":"masonry-style","inspiry_floor_plans":[{"inspiry_floor_plan_name":"  El Amate","inspiry_floor_plan_descr":" ","inspiry_floor_plan_size":"62.9 ","inspiry_floor_plan_size_postfix":"m2","inspiry_floor_plan_bedrooms":"3","inspiry_floor_plan_bathrooms":"2","inspiry_floor_plan_image":"https:\/\/elalmendroresidencial.com\/wp-content\/uploads\/2022\/06\/PLANTA-1-NIVEL-EL-ALMENDRO-ACTUALIZADA1.jpg"}],"inspiry_video_group":[{"inspiry_video_group_image":["6176"],"inspiry_video_group_title":"Conoce El Amate","inspiry_video_group_url":"https:\/\/www.youtube.com\/watch?v=eWwFR5GQ7g8"}],"REAL_HOMES_360_virtual_tour":"<iframe src=\"https:\/\/my.matterport.com\/show\/?m=aSx1MpRRqif&play=1\" width=\"100%\" height=\"100%\" allowvr=\"\" allowfullscreen=\"allowfullscreen\"><\/iframe>","REAL_HOMES_agent_display_option":"none","REAL_HOMES_agents":["-1"],"REAL_HOMES_energy_class":"none","REAL_HOMES_energy_performance":"","REAL_HOMES_epc_current_rating":"","REAL_HOMES_epc_potential_rating":"","ere_property_schedule_tour":"global","ere_property_schedule_time_slots":"","ere_property_schedule_description":"","REAL_HOMES_sticky":"0","inspiry_property_label":"","inspiry_property_label_color":"#dd3333","inspiry_property_tax":"","inspiry_additional_fee":"","REAL_HOMES_attachments":[],"inspiry_property_owner_name":"","inspiry_property_owner_contact":"","inspiry_property_owner_address":"","REAL_HOMES_property_private_note":"","inspiry_message_to_reviewer":"","REAL_HOMES_add_in_slider":"no","REAL_HOMES_slider_image":[],"REAL_HOMES_page_banner_image":[],"REAL_HOMES_custom_header_display":"default","REAL_HOMES_custom_header_position":"relative","REAL_HOMES_custom_footer_display":"default","REAL_HOMES_hide_advance_search":"0","REAL_HOMES_custom_search_form":"default","REAL_HOMES_search_form_margin_top":"","REAL_HOMES_search_form_margin_bottom":""},"_links":{"self":[{"href":"https:\/\/elalmendroresidencial.com\/index.php?rest_route=\/wp\/v2\/properties\/6558","targetHints":{"allow":["GET"]}}],"collection":[{"href":"https:\/\/elalmendroresidencial.com\/index.php?rest_route=\/wp\/v2\/properties"}],"about":[{"href":"https:\/\/elalmendroresidencial.com\/index.php?rest_route=\/wp\/v2\/types\/property"}],"author":[{"embeddable":true,"href":"https:\/\/elalmendroresidencial.com\/index.php?rest_route=\/wp\/v2\/users\/1"}],"replies":[{"embeddable":true,"href":"https:\/\/elalmendroresidencial.com\/index.php?rest_route=%2Fwp%2Fv2%2Fcomments&post=6558"}],"version-history":[{"count":1,"href":"https:\/\/elalmendroresidencial.com\/index.php?rest_route=\/wp\/v2\/properties\/6558\/revisions"}],"predecessor-version":[{"id":6559,"href":"https:\/\/elalmendroresidencial.com\/index.php?rest_route=\/wp\/v2\/properties\/6558\/revisions\/6559"}],"wp:featuredmedia":[{"embeddable":true,"href":"https:\/\/elalmendroresidencial.com\/index.php?rest_route=\/wp\/v2\/media\/6170"}],"wp:attachment":[{"href":"https:\/\/elalmendroresidencial.com\/index.php?rest_route=%2Fwp%2Fv2%2Fmedia&parent=6558"}],"wp:term":[{"taxonomy":"property-feature","embeddable":true,"href":"https:\/\/elalmendroresidencial.com\/index.php?rest_route=%2Fwp%2Fv2%2Fcaracter%C3%ADsticas-propiedad&post=6558"},{"taxonomy":"property-type","embeddable":true,"href":"https:\/\/elalmendroresidencial.com\/index.php?rest_route=%2Fwp%2Fv2%2Ftipos-propiedad&post=6558"},{"taxonomy":"property-city","embeddable":true,"href":"https:\/\/elalmendroresidencial.com\/index.php?rest_route=%2Fwp%2Fv2%2Fciudades-propiedad&post=6558"},{"taxonomy":"property-status","embeddable":true,"href":"https:\/\/elalmendroresidencial.com\/index.php?rest_route=%2Fwp%2Fv2%2Festatus-propiedad&post=6558"}],"curies":[{"name":"wp","href":"https:\/\/api.w.org\/{rel}","templated":true}]}}

<p><strong>Área de construcción: 🏡: </strong>62.90 m²</p>



<p>●1 nivel</p>



<p>●Sala, comedor y cocina en espacios separados</p>



<p>●2 dormitorios Jr con baño compartido</p>



<p>●Espacio de tragaluz entre sala y dormitorio No. 1</p>



<p>●Área de limpieza conectada directamente al jardín posterior<br></p>

<p>Área de construcción: 🏡: 62.90 m² ●1 nivel ●Sala, comedor y cocina en espacios separados ●2 dormitorios Jr con baño compartido ●Espacio de tragaluz entre sala y dormitorio No. 1 ●Área de limpieza conectada directamente al jardín posterior</p>

Área de Limpieza

Conectada directamente al jardín posterior

Cerámica con instalación de zócalo

Baño y cocina

Metálicas en entrada principal y salida al patio trasero
